vative of 0*a**2 - a + 5/12*a**4 + 0 + 1/6*a**3 + 1/20*a**5. Determine c(-4).
12
Let y = -3 + -10. Let r be 2/y + 630/(-130). Let q(b) = b**2 + 2*b - 6. What is q(r)?
9
Let u = 10 + -6. Let d(l) = -7*l**2 - 2*l - u - l - l - l - l**3. Let f be 6/2*(-3 - -1). What is d(f)?
-10
Let i(h) be the first derivative of -h**2/2 + 5*h - 14. What is i(-7)?
12
Let n(c) be the second derivative of -c**3/6 + 4*c**2 + 53*c. Give n(6).
2
Let a(n) = -19 + 14 - 23*n**2 + 24*n**2. What is a(6)?
31
Let x(g) = 2*g**3 - 2*g**2 + 1. Let u = -2 - -4. Let k be (-4)/18 - 8/(-36). Let i = u - k. Determine x(i).
9
Let l be (-6)/(-2) + (6 - 13) + 8. Suppose -b = -9 + 7. Let v(j) = -2 + 1 + 2*j**2 - 4 - b*j - 2*j. What is v(l)?
11
Let f be ((-6)/18)/((-1)/(-3)). Let o be (-8 + f)/((-1)/1). Let y(b) = b - 6. Determine y(o).
3
Suppose -19*f + 4*f + 10*f = 0. Let n(w) be the third derivative of 9*w**2 + 1/2*w**3 + f*w - 1/8*w**4 + 0. Give n(-3).
12
Let r = 6306 - 6307. Let d(w) be the first derivative of -3*w**4 - 2*w**3/3 - w**2 - w + 1. Give d(r).
11
Let m(r) = r + 5. Let h(f) = -11*f**2 - 12*f + 9. Let k(b) = -5*b**2 - 6*b + 5. Let d(x) = -6*h(x) + 13*k(x). Let u be d(5). What is m(u)?
11
Let g = -1 - -4. Suppose -17 = y + 5*s, -g*y - 5 = -2*y + 2*s. Let w(b) = -b - y*b + 2 + 1 - 2. Give w(2).
-7
Let y = -5 + 7. Let r be 6/(-10) + 7/((-35)/y). Let j(p) = -6*p**2 - p. Give j(r).
-5
Let b(i) = -i**2 + 5*i + 3. Let a = 9 + -21. Let m = -6 - a. Calculate b(m).
-3
Let c(w) be the first derivative of w**3/3 + 3*w**2 + 8*w - 11. Let f = -75 + 116. Let h = 35 - f. What is c(h)?
8
Let n(p) = p + 1. Let v be n(1). Suppose 21 = -w - v*s, 4*w + 3*s - s = -78. Let b = 18 + w. Let o(x) = 10*x**3 + 2*x + 1. Give o(b).
-11
Let g(a) = 1 + a**3 + 5*a - a**2 - 2 - 5*a**2. Let l = -4 + 9. Let t be g(l). Let m(q) = 4*q**3 - 2*q**2 - q. Determine m(t).
-5
Let g(x) be the first derivative of 7*x**4/4 - x**2/2 - 2. Let a = -128 + 128. Suppose a = -p - 0*p + 1. Determine g(p).
6
Let l(f) = 4*f**3 + f**2. Let i(v) = -v**2 + 5*v - 5. Suppose 3*q - 5*o = -q + 18, q - 2*o - 6 = 0. Let s = 2 + q. Let k be i(s). Determine l(k).
-3
Let l = 3 + 3. Suppose -l*o - 31 = -5*q - 2*o, -8 = -q - o. Let f(s) = 3*s**2 + 14*s + 3. Let h(n) = -4*n**2 - 21*n - 4. Let d(b) = q*f(b) + 5*h(b). Give d(5).
-9
Let k(d) be the first derivative of -d**3/3 - 7*d**2/2 - 3*d - 9. Give k(-7).
-3
Let l(o) = -o**2 - 7*o + 3. Suppose 5*u - 41 = -4*g, -7 = -0*u + u - 3*g. Determine l(u).
-57
Let w(k) = 2*k**2 - 4*k - 5. Let t(z) = z**2 + 11*z - 38. Let j be t(-14). Calculate w(j).
11
Let l(u) = 16 - 66*u + 138*u - 73*u. Calculate l(9).
7
Let o(b) = 3*b**2 - 19*b - 2. Let p(c) = c**2 - 6*c - 1. Let i(j) = 6*o(j) - 17*p(j). Give i(11).
-6
Let m(g) be the first derivative of 3*g**3 + g**2/2 - 9. Let w(a) = -a**3 + 6*a**2 + a - 3. Let p be w(6). Let v be -1*6 + p + 2. Calculate m(v).
8
Let f(g) = -g**3 + g + 2. Let q be f(-1). Suppose 2*s - q = 8. Let n(l) = 0 - 4 - l**3 - 4*l + 3 + 6*l**2. Calculate n(s).
4
Let b(w) = -w**2 - 10*w - 1. Let v(f) = -f**2 - 11*f + 1. Let d(o) = 3*b(o) - 2*v(o). What is d(-9)?
-14
Let b(j) be the first derivative of 6*j**2 - j - 18. What is b(-1)?
-13
Let y(v) = 136*v - 2*v**3 + v**3 + 139*v + v**2 - 271*v. Suppose -g = 3 - 0. Calculate y(g).
24
Let u(f) = f**3 + f**2 - f + 1. Let c = 5 + -7. Calculate u(c).
-1
Suppose -374 = -2*h - 376. Let f(p) = -5*p**3. Determine f(h).
5
Let r(i) be the second derivative of i**3/6 + i**2/2 - 2*i. Let s(x) = x + 13. Let v be s(-14). Let k(p) = 2*p - 2. Let n be k(v). What is r(n)?
-3
Let n(t) be the second derivative of t**6/720 - 3*t**5/40 - t**4/4 - 11*t. Let u(m) be the third derivative of n(m). Give u(7).
-2
Let r(z) = -z**3 - 6*z**2 - 4*z - 5. Suppose 54*j - 48*j = -12. Let c be 23/(-4) + (j - (-42)/24). Calculate r(c).
19
Let n be 1/4*-2*2. Let i be 105/(-18) + n/6. Let p(j) = j**2 + 6*j + 8. Determine p(i).
8
Let t(r) = -4*r + 4*r**2 - r**3 + 0*r**3 + 3*r + 3. Suppose 5*h - 8*h + 5*m = 18, -5*m = -5*h - 10. Calculate t(h).
-1
Let q(a) = 44 + 29 - a**2 + 2*a**2 + a - 48. Give q(0).
25
Let k(d) = 5*d**2 - 9*d**2 - 4*d**2 + 2*d**2 + 1 - d + d**2. Give k(1).
-5
Let p(m) = m**2 + 19*m + 13. Let s(g) = 3*g**2 + 56*g + 39. Let l(t) = -11*p(t) + 4*s(t). Give l(-14).
-1
Let d(r) be the first derivative of 3*r**2 - 2*r**4 + 8/3*r**3 + 9*r - 3. Let n(w) = 7*w**3 - 7*w**2 - 5*w - 8. Let l(q) = -6*d(q) - 7*n(q). Calculate l(0).
2
Suppose -573*i = -575*i. Let r(m) = -3*m**2 + 4*m - 1. Let b = -10 - -15. Let v(n) = -4*n**2 + 5*n - 1. Let k(u) = b*r(u) - 4*v(u). What is k(i)?
-1
Let r(g) = 2*g**3 + 5*g**2 + g - 9. Let f(b) = b**3 + 3 - 147*b - 8 + 147*b + 3*b**2. Let x(v) = -5*f(v) + 2*r(v). Calculate x(-5).
-3
Suppose 2*c + 2 = 0, 0 = 5*g - 4*g + 3*c + 5. Let f(j) = 3*j**3 - 2*j - 2. Determine f(g).
-22
Let y(b) = -b**3 + 5*b**2 - 3*b - 4. Let o be (-198)/(-15) + (-7)/35. Suppose 6*p = o*p - 21. What is y(p)?
5
Let h(d) = d**3 + 5*d - 3*d**2 + 2*d - 11 + 2*d + 3 - 18*d. Calculate h(5).
-3
Let f(s) = -2771*s - s**2 + 3 + 2*s**2 + 2767*s. What is f(3)?
0
Let n(s) be the third derivative of 0*s**4 + 1/120*s**6 + 0*s - 1/6*s**3 + 0 - 1/15*s**5 + 3*s**2. Calculate n(4).
-1
Suppose 0 = -4*l - 4*b - 24, 4*l + 4*b = 3*b - 12. Let d(o) = 5*o**2 + o - 1. Let y(u) = u**2 + u. Let a(q) = l*y(q) + d(q). Determine a(2).
9
Let k(h) = -5*h**3 - 6*h**2 + 9*h - 3. Let m(z) = -4*z**3 - 5*z**2 + 7*z - 3. Let a(f) = 3*k(f) - 4*m(f). Calculate a(-3).
-3
Suppose 5*c - 2*z = -14 - 51, -40 = 5*c + 3*z. Let j(p) = p + 4. Determine j(c).
-7
Let i(f) = 6 + 26*f + 28*f + 29*f - 80*f. Calculate i(-3).
-3
Let s(f) = -f + 13. Suppose -7*u + 5*u = -70. Suppose 2*c + 3*c = u. Calculate s(c).
6
Let z(m) be the first derivative of -m**4/4 - 4*m**3/3 - 2*m**2 - 2*m - 53. Calculate z(-3).
1
Let l(x) = -2*x**2 + 0 - 16*x + 22*x - 3 + 19*x**3 - 20*x**3 - 3*x**2. Calculate l(-6).
-3
Let u(t) = t**3 - 3*t**2 + 3*t + 2. Let d(x) = -x**3 - 8*x**2 - 10*x - 18. Let a be d(-7). Give u(a).
11
Let h(n) = -1 - 505*n**3 - 1 + 506*n**3 - 3*n + 3*n**2 + n. Let x be 0*((-1)/2)/1. Let l(i) = i**2 - i - 3. Let b be l(x). Calculate h(b).
4
Let s(r) = 25*r - 10. Let h be s(4). Let d be (16/(-6))/((-12)/h). Let g = -22 + d. Let y(x) = -x + 1. Give y(g).
3
Let z(s) be the first derivative of s**4/4 + s**3/3 - s**2 + 382. What is z(3)?
30
Let v(y) be the first derivative of 2*y**2 + 12*y - 710. Determine v(-8).
-20
Let v(p) = -p**3 + p**2 - 7. Let q(y) = -y**3 - 2*y**2 + 2*y + 2. Let i be q(-3). Let z(f) = -f**2 + 8*f. Let r be z(8). Suppose -i*k - k = r. Give v(k).
-7
Let z(k) = 3*k**2 - 2*k + 1. Suppose -3 = -r - 8. Let v be r/(-2*(-1)/(-2)). Let m be (2/(-2))/(v + -6). Calculate z(m).
2
Let s = -61 + 64. Let b(g) = g**3 - 3*g**2 - 3*g + 3. What is b(s)?
-6
Let t(u) = -153 + 153 - 3*u**2. Determine t(-1).
-3
Let h(v) be the first derivative of -v**4/4 + 5*v**3/3 - v**2 + 5*v + 50. Determine h(5).
-5
Let r(a) be the third derivative of -a**5/60 + a**4/12 + a**3/3 - 14*a**2. Calculate r(2).
2
Let u(w) = -w**3 - 2*w**2 - 6*w - 2. Let v(s) = -s**3 - 2*s**2 - 7*s - 2. Suppose -5*i = -61 + 11. Let r = -5 + i. Let h(y) = r*u(y) - 4*v(y). Give h(-2).
2
Let c(z) be the first derivative of -2*z**2 - 9*z - 530. Calculate c(-3).
3
Suppose -10*k + 4*k = 162. Let l be (-36)/k*2/4*6. Let z(d) = -d**3 + 5*d**2 + 2*d. Give z(l).
24
Let r(j) = -9*j**3 + 5*j**2 + 12*j + 13. Let n(o) = -7*o**3 + 6*o**2 + 11*o + 11. Let f(u) = -4*n(u) + 3*r(u). Give f(10).
15
Let a(b) = 286*b**3 - 5*b**2 - 10*b - 571*b**3 + 286*b**3 + 7. What is a(6)?
-17
Let o(a) be the second derivative of -a**5/20 + a**4/3 + 2*a**3/3 + 7*a**2/2 - 3*a. Let y be 1*15*((-75)/45 - -2). Determine o(y).
2
Let f(i) = 8*i - 1. Let d(t) = -t**2 - 23*t + 8. Let x(o) = -d(o) - 3*f(o). Let r be (-4)/4 - (-6 - -1). Calculate x(r).
7
Let r be 426/27 - 4/(-18). Suppose -r = -4*l - 0. Let k(y) be the third derivative of y**5/60 - y**4/4 + 5*y**3/6 + y**2. Calculate k(l).
-3
Let y = 500 + -997/2. Let b(x) be the third derivative of 0 - y*x**3 + 9*x**2 - 1/24*x**4 + 0*x. Calculate b(-9).
0
Let x(q) = -4*q**3 - 9*q**2 - 3*q + 9. Let s(c) = -3*c**3 - 6*c**2 - 2*c + 10. Let d(g) = 3*s(g) - 2*x(g). Give d(0).
12
Let g = -9 + 9. Suppose 0 = -2*o + u - 3, g*o = -2*o + 5*u - 7. Let b(t) = 4*t**3 - 22*t**2 